 = d. Is a a prime number?
False
Let c(u) = u**2 - 8*u + 0*u**2 + u**2 - 3*u**2 + 2. Let y be c(-8). Suppose 5*d - 57 = y*d. Is d a composite number?
False
Suppose -n = -7*i + 2*i + 500, 0 = 3*i - 2*n - 307. Suppose -j - 5*f = -i, j = 2*f + 43 + 21. Is j composite?
True
Let r = 1041 - 624. Is r a composite number?
True
Suppose 2*p = -4, 2*h + 2*p = 3*h - 1785. Suppose -5*k + h = -1334. Is k prime?
False
Let b = -149 + 294. Is b a prime number?
False
Suppose -856 - 1108 = -4*x. Let h = x - 190. Is h a composite number?
True
Suppose 5*p + 4*m + 158 = 0, 0 = p - 0*p - 5*m + 20. Let i = p + 117. Is i a composite number?
True
Let l = -1952 - -2860. Let o = l - 594. Is o composite?
True
Let n be 9/(-6)*(-2)/(-1). Is (-814)/(-5) - n/15 composite?
False
Let j(a) = 71*a - 4. Is j(3) composite?
True
Suppose 3*m + 0*m - 738 = 0. Let h be 1/(-2) - m/(-4). Suppose -5*r = 15, 0*u = 2*u - 3*r - h. Is u a prime number?
False
Suppose h - 12 = -2*g, -2*g + 2*h = 4*h - 14. Suppose -g*r + 155 + 96 = -2*t, r + t = 46. Let o = r + -18. Is o composite?
False
Let n(m) = 1. Let t(s) = 2*s + 4. Let c(q) = -6*n(q) + t(q). Let y be 1/(2/18) + -3. Is c(y) composite?
True
Let o be 4 - 5 - (-1 - 735). Let m = -522 + o. Is m a composite number?
True
Suppose -2*i - 2*b = -2808, 0*b = -4*i + b + 5591. Is i a prime number?
True
Let c be (-6)/(-9) - 8/3. Let q(m) = -36*m - 3. Is q(c) a composite number?
True
Suppose 3*s + 3 = 12. Suppose s*n = n. Is (n + -8)*-1 + 2 prime?
False
Let w(k) = -4*k + 4*k**3 - 3*k**3 + 7 - 5*k**2 + 3*k**2. Let v be w(5). Suppose -4*p = -2*p - v. Is p a prime number?
True
Let a(b) be the third derivative of b**4/12 - 5*b**3/6 - b**2. Let z(h) = h**3 + 3*h**2 - 2*h - 2. Let o be z(-3). Is a(o) a prime number?
True
Let z(i) = -2*i - 9. Let m be z(-9). Let w be 2/m + (-745)/(-9). Suppose 0 = 2*x - w - 153. Is x a prime number?
False
Let g(i) = i**3. Let z(s) = 7*s**3 + 6*s**2 + 2*s - 9. Let h(f) = -4*g(f) + z(f). Is h(4) a composite number?
True
Suppose 15 = -3*b - 0*b, 3*d + 3*b = 3. Let i be 66/14 - d/(-21). Suppose 204 - 1383 = -i*u - 4*t, -2*t - 938 = -4*u. Is u a prime number?
False
Suppose 3*k = 3*j - 39, -4*j = 4*k - 3*k - 42. Is j prime?
True
Suppose d = 2 - 4. Let b(v) = -9*v**3 + 2*v + 1. Is b(d) prime?
False
Let x = 8 + -3. Suppose -x*r + 8 + 62 = 0. Suppose -r = g - 47. Is g prime?
False
Let s = -10 + 9. Let m(w) = 32*w**2 - 2*w - 1. Is m(s) a composite number?
True
Suppose 2*t - 66 = 2*k, -2*k + 3*k + 5*t + 39 = 0. Let y = k - -69. Is y a prime number?
False
Let q(x) = 1. Let b(k) = -6*k + 6. Let a(t) = b(t) - q(t). Let v be a(-10). Is ((-12)/(-10))/(2/v) a composite number?
True
Suppose -3*s - 22 = -2*j, 0 = s + 2*s + 12. Suppose -j*w = -875 - 475. Suppose -w = 4*g - 922. Is g composite?
False
Suppose w - 2 = 0, w - 3*w + 10 = 3*l. Let m(i) = 47*i**2 - 4*i + 5. Is m(l) prime?
False
Let q = 78 + -374. Let t = 415 + q. Is t prime?
False
Let m be 0 + 14*(-9)/(-6). Suppose m = -4*v - 7. Let p(c) = -c**3 - 8*c**2 - 10*c. Is p(v) composite?
True
Let t be ((-20)/(-6))/(6/(-27)). Is (-2240)/(-25) + 9/t prime?
True
Is (30168/(-96))/((-3)/4) composite?
False
Suppose -4*s + 13631 = v, -3*v - 2*v - 10206 = -3*s. Is s a composite number?
False
Let l(a) be the third derivative of -a**6/120 - a**5/6 - a**4/4 + 5*a**3/3 - a**2. Let o be l(-11). Let q = o - 128. Is q prime?
False
Suppose -2*b - 3*g + 18 = 0, 0*g = -4*g + 8. Let f = -5 + 10. Let y = f + b. Is y a prime number?
True
Let u(s) = 301*s**2 + 3*s - 5. Is u(1) prime?
False
Let s be 0 + 0 + 4*294. Let y be (-4)/10 - s/(-15). Suppose -4*q + y = -q. Is q a prime number?
False
Suppose 590 + 598 = -t. Let k = t - -1871. Is k a prime number?
True
Suppose -3*i = 5*v - 43 - 13, -2 = v. Let n = -11 + i. Is n prime?
True
Let m(j) = -j**2 + j + 1680. Let c be m(0). Suppose -5*x + 21 + c = 4*k, 3*x - 1272 = -3*k. Is k a composite number?
False
Let j = 25 - -22. Suppose -t = -j - 18. Is t a prime number?
False
Let u(w) = 7*w**3 + w**2 - 4*w + 3. Let b be (-10)/(-6) - 4/6. Suppose n + 0*n + b = c, c = 2*n. Is u(c) prime?
False
Is 14095/20*(0/(-3) + 4) a prime number?
True
Let p(m) = -m**3 - m**2 - 3*m - 9. Is p(-8) prime?
True
Suppose 4*m - 2*o = 8, 0*m - 5*m + o = -16. Suppose h - 5*h = m*y - 404, 5*h = y - 77. Is y a prime number?
True
Is 6/21 + ((-682)/(-14))/1 a prime number?
False
Suppose -2*m + 2 + 32 = 0. Suppose -q + h = q - 23, h - m = -2*q. Is q a composite number?
True
Let g = 34 + 95. Is g prime?
False
Let s be (1 + 2 - 2) + 265. Suppose -f + s = f. Is f a composite number?
True
Let k(q) = q**3 + 9*q**2 + q - 8. Suppose 5*m + 12 = n, 6*n - 30 = n - 5*m. Suppose 3*l - 28 = n*l. Is k(l) a composite number?
False
Let s(q) be the second derivative of -q**3 - 23*q**2/2 - 4*q. Is s(-18) prime?
False
Let o(x) = -x**3 - 2*x**2 - 25*x + 5. Is o(-16) prime?
True
Let t be (-27)/(-12) + (-1)/4. Let x(h) = -6*h + 4*h - 8*h + 1 + t. Is x(-5) a prime number?
True
Suppose -11*p + 6*p = -485. Is p a composite number?
False
Suppose 0 = -3*r + 623 + 376. Let l = 236 - r. Let g = -58 - l. Is g prime?
False
Let y(a) = 8*a**3 - 3*a**2 - 4. Let t be y(3). Let l = t + -96. Is l prime?
True
Is 1/(-2 - (-1815)/907) a composite number?
False
Let t(d) = 2*d**2 - d - 1. Let b be t(-1). Suppose -w - w = b. Let c(r) = -14*r**3 + r**2. Is c(w) prime?
False
Suppose 0 = -5*k + 4*k + 51. Suppose -3*d = -0*r + 3*r - 93, -r + 4*d = -k. Is r a prime number?
False
Suppose -2*d + 1 = -3. Suppose y = -0*y + d. Suppose 2*k = -y*k + 28. Is k a prime number?
True
Let n(w) = w + 133. Suppose -x = 4*x. Is n(x) prime?
False
Let x = 13 - 11. Suppose -x*k = -k - 3. Is -51*4/(-18)*k prime?
False
Is (-1 + (-4)/(-2))*(1091 - 4) a composite number?
False
Let h(a) = -a - 3. Let b be h(-6). Suppose 4*d - n = 17, -2*n + 3 = -b. Suppose -d*o = -196 - 289. Is o a prime number?
True
Let s(j) be the third derivative of j**6/120 + 3*j**5/20 + j**4/3 + 5*j**3/6 + 4*j**2. Suppose 0*u - 2*u = 14. Is s(u) a prime number?
True
Let w(h) = h. Let c be w(-6). Let t(k) = k**3 - 2*k**2. Let s be t(3). Is s*(-52)/c + -1 prime?
False
Let b(w) be the second derivative of -w**5/10 + w**4/12 - 2*w**3/3 + w**2/2 + 6*w. Is b(-4) composite?
True
Let y be 6/(-2) + 0 + 1. Let j(k) = k**3 + 3*k**2 - 2*k - 3. Let b be j(y). Let z(a) = 10*a + 3. Is z(b) prime?
True
Let s(u) = -u**3 - u - 3. Let f be s(0). Let t be (1/f)/(1/(-6)). Suppose -74 = -t*o + 2*x, -3*x + 25 = 3*o - 86. Is o composite?
False
Let i(o) = o**2 - 3*o. Let k be i(3). Suppose -2*h + s + 14 = 2*h, k = -4*h + 4*s + 8. Suppose -2*l - t = 2*l - 92, 2*t + 92 = h*l. Is l composite?
False
Let j(r) be the second derivative of -25*r**3/3 - r**2/2 - 2*r. Is j(-1) a prime number?
False
Suppose 22 = 2*v - 112. Let t = v - 36. Is t composite?
False
Suppose -2*z + 684 = 2*z + 4*j, 3*z + 2*j = 513. Let t = 478 + z. Is t a composite number?
True
Let s be ((-34)/4)/(-1)*6. Let u(a) = a**3 + 3*a**2 + a + 2. Let t be u(-2). Suppose 9*c + 2*o = t*c + s, -8 = 4*o. Is c composite?
False
Is (444/(-16))/((-9)/156) a composite number?
True
Suppose -63834 = -k - 5*k. Is k prime?
True
Let j = -69 + 122. Suppose 0 = i + j - 196. Is i prime?
False
Suppose 0 = 5*t - 4*t - 5. Suppose -t*c + 3 = 2*h, -4*h + 5*h - 4*c = 8. Suppose 231 = -s + h*s. Is s a composite number?
True
Let g = 3 + -10. Let k = -4 - g. Suppose -5*c = -k*n - 156, 2*c - n + 0*n - 63 = 0. Is c composite?
True
Let z(c) = c**3 - 9*c**2 + 11*c - 12. Let q be z(8). Let b be 4/q - 29/(-3). Is (-2)/(-4) - b/(-4) a composite number?
False
Suppose -28 = 4*m - 3*i + 32, -2*m - i = 20. Let h = -7 - m. Suppose -h*y + 225 = -330. Is y prime?
False
Let k = 18 + -16. Suppose -2*v - 2*y = y - 53, -5*v + 85 = -k*y. Is v a composite number?
False
Suppose -4 = -b - 0. Let c(s) = -4*s - 5 - s + 3*s**2 + 3*s. Is c(b) prime?
False
Is 293 + 0 + 4 + -4 prime?
True
Suppose p + 0*p + a - 3 = 0, 0 = 5*p + a - 27. Let m = -2 + p. Let b(c) = 57*c - 5. Is b(m) composite?
False
Let j be -158 - (0 + 0 - 1). Let s = -8 - j. Is s prime?
True
Suppose -3*i - 1 = -7, 2*m = -4*i - 12. Let h be (-2)/(-7) - m/(-35). Suppose h = -3*f - 9, 2*f + 130 = 4*k. Is k a composite number?
False
Let a = -2148 + 3547. Is a a prime number?
True
Let v(w) = -8*w**2 + w. Let i be v(1). Is 214/4 + i/14 a composite number?
False
